3).
-112
Let g(u) = -u**2 - 1941*u - 13483. Determine g(-7).
55
Let u(y) = -2*y**3 - 9*y**2 + 21*y + 90. Give u(-4).
-10
Let z(u) = -387*u + 43356. Determine z(112).
12
Let m(o) = 6*o**2 - 74*o + 12. What is m(13)?
64
Let y(w) = -35*w**2 - 486*w + 50. Calculate y(-14).
-6
Let u(i) = 2*i**3 + 15*i + 9. Give u(0).
9
Let d(p) = -4*p + 4. What is d(3)?
-8
Let r(f) = 102*f + 1409. Give r(-14).
-19
Let h(u) = -u**2 - 4*u - 81. Determine h(-11).
-158
Let i(y) = -62*y - 6324. What is i(-102)?
0
Let p(d) = -2*d**3 + 17*d**2 - 13*d + 8. What is p(8)?
-32
Let m(w) = 2*w**2 - 33*w + 105. Calculate m(15).
60
Let a(b) = 39*b + 658. Calculate a(-17).
-5
Let a(g) = -37*g**2 + g + 6. Determine a(2).
-140
Let c(b) = 15*b + 29. Determine c(-28).
-391
Let w(l) = -l**3 - 67*l**2 + 39*l + 2454. What is w(-67)?
-159
Let x(l) = 4*l**2 + 16*l - 70. Give x(3).
14
Let s(t) = -21*t**2 + 18*t - 57. What is s(3)?
-192
Let u(k) = 2*k**3 - 12*k**2 + 8*k - 36. Determine u(7).
118
Let v(i) = 976*i + 937. Determine v(-1).
-39
Let f(s) = 110*s**2 + 779*s + 70. What is f(-7)?
7
Let i(d) = -1202*d**2 - 9624*d - 28. What is i(-8)?
36
Let y(m) = -44*m**2 + 69*m - 199. Determine y(3).
-388
Let w(g) = g**3 + 8*g**2 - 14*g + 25. Give w(-10).
-35
Let q(d) = d**2 + 331*d + 22914. Give q(-99).
-54
Let s(d) = -113*d - 11540. Determine s(-102).
-14
Let x(v) = -4*v**2 + 65*v - 14. What is x(15)?
61
Let o(c) = 2*c**3 + 20*c**2 - 101*c - 55. Determine o(4).
-11
Let d(i) = -i**3 - 56*i**2 - 42*i + 355. Calculate d(-55).
-360
Let o(n) = n + 104. What is o(-82)?
22
Let y(u) = 17*u**3 + 5*u**2 - 10*u + 4. Give y(1).
16
Let c(x) = -93*x + 1387. Give c(15).
-8
Let a(i) = 6*i**2 - 974*i + 6813. What is a(155)?
-7
Let v(z) = 103*z - 1405. Determine v(19).
552
Let y(z) = z**2 - 138*z + 3675. What is y(102)?
3
Let z(r) = r**3 + 45*r**2 + 188*r - 47. Determine z(-5).
13
Let m(d) = 77*d - 8724. What is m(113)?
-23
Let b(z) = -5*z**2 - 69*z - 72. Determine b(-1).
-8
Let s(d) = -7*d**3 - 2*d**2 - 8*d + 6. What is s(3)?
-225
Let x(o) = o**2 + 19*o + 11. Give x(-14).
-59
Let a(y) = y**3 + 6*y**2 + 5*y + 54. Determine a(-5).
54
Let u(x) = x**2 - 54*x + 742. Determine u(26).
14
Let a(c) = 10*c**3 - 69*c**2 - 54*c + 331. Determine a(7).
2
Let d(t) = t**3 + 18*t**2 - 3*t - 36. What is d(0)?
-36
Let x(y) = y**2 - 19*y + 169. Calculate x(13).
91
Let z(h) = 4*h**2 + 31*h - 5. Give z(-8).
3
Let b(i) = 5*i**2 + 9*i - 18. Determine b(10).
572
Let b(i) = i**2 + 33*i - 700. Calculate b(-53).
360
Let j(g) = -274*g - 2196. What is j(-8)?
-4
Let i(r) = -449*r - 3135. What is i(-7)?
8
Let f(u) = -42*u - 57. Calculate f(-2).
27
Let c(f) = f**3 + 8*f**2 - 2392*f - 14430. Calculate c(-6).
-6
Let t(w) = -w**3 - 7*w**2 - 11*w + 23. Calculate t(-7).
100
Let u(h) = -7*h - 251. What is u(-23)?
-90
Let w(z) = -29*z + 14. Determine w(1).
-15
Let m(x) = x**3 - 4*x**2 - 13*x - 1. What is m(-2)?
1
Let c(o) = -o**3 - 33*o**2 + 47*o + 491. Calculate c(-34).
49
Let v(i) = -2*i**2 + 16*i - 129. Calculate v(21).
-675
Let w(n) = n**3 - 19*n**2 - 2*n - 37. What is w(9)?
-865
Let h(s) = 12*s - 1275. Determine h(106).
-3
Let g(t) = -75*t - 516. What is g(-7)?
9
Let n(g) = -4*g**3 - 6*g**2 - 9*g + 3. Give n(-3).
84
Let j(q) = -2*q**3 - 32*q**2 + 668*q + 25. Determine j(12).
-23
Let q(i) = 11*i**2 - 85*i - 259. Give q(-3).
95
Let m(x) = -18*x**2 + 876*x + 298. Give m(49).
4
Let a(k) = -3*k**3 - 31*k**2 - 39*k - 278. What is a(-10)?
12
Let b(r) = -9*r**3 + 5*r**2 + 15*r - 38. Calculate b(2).
-60
Let d(f) = -f**3 - 40*f**2 + 12*f + 215. Give d(-40).
-265
Let s(b) = -b**3 + b**2 + 200*b + 996. Give s(-5).
146
Let m(x) = -7*x**2 + 41*x + 9. What is m(6)?
3
Let i(c) = 21*c - 974. Calculate i(18).
-596
Let p(o) = 2*o**3 + 18*o**2 + 6*o - 5. Determine p(-9).
-59
Let o(c) = 11*c**2 - 15*c + 46. Determine o(3).
100
Let a(z) = 17189*z - 17188. Determine a(1).
1
Let h(z) = z**3 - 37*z**2 + 36*z - 46. Determine h(36).
-46
Let v(w) = w**3 - 2*w**2 - 12*w + 22. What is v(4)?
6
Let y(t) = 5*t**3 + 68*t**2 - 43*t - 199. Calculate y(-14).
11
Let p(l) = -454*l + 2270. Give p(5).
0
Let c(y) = y**3 - 85*y**2 - 261*y - 250. Calculate c(88).
14
Let d(o) = 6*o**3 + 33*o**2 - 41*o - 134. Calculate d(-6).
4
Let j(z) = 5*z**2 + 203*z + 215. Give j(-40).
95
Let n(i) = 753*i - 740. What is n(1)?
13
Let v(g) = 2*g**2 + 52*g + 439. Calculate v(-8).
151
Let l(q) = 11*q**2 - 246*q + 81. What is l(22)?
-7
Let h(s) = s**2 - 70*s + 1074. What is h(48)?
18
Let x(c) = -3*c**3 - 13*c**2 + 5*c - 6. Calculate x(-5).
19
Let f(v) = -2*v**2 + 191*v - 1325. Determine f(88).
-5
Let r(q) = -5*q + 142. Determine r(29).
-3
Let j(f) = 4143*f + 182294. Determine j(-44).
2
Let f(g) = 2*g**3 + 67*g**2 - 181*g - 7061. Calculate f(-33).
1
Let s(r) = 6*r**3 + 261*r**2 - 988*r - 50. Calculate s(-47).
-3
Let d(y) = 2232*y - 15612. What is d(7)?
12
Let g(u) = -u**3 + 4*u**2 + 36*u - 235. Give g(6).
-91
Let t(m) = -m**3 - 12*m**2 - 188*m - 2597. Determine t(-13).
16
Let i(v) = -130*v - 817. What is i(-7)?
93
Let v(o) = 33*o + 196. What is v(-9)?
-101
Let v(w) = 12*w**3 + 49*w**2 + 111*w + 425. Give v(-4).
-3
Let f(g) = 17*g**2 + 84*g - 417. What is f(6)?
699
Let c(f) = -35*f - 67. Give c(-7).
178
Let q(k) = -k**3 - 63*k**2 - 9*k - 556. Calculate q(-63).
11
Let s(g) = 7*g - 215. Give s(25).
-40
Let m(f) = f**2 + 103*f + 847. What is m(-9)?
1
Let i(p) = -10*p**2 - 79*p - 179. Determine i(-5).
-34
Let k(n) = n**2 - 308*n - 1241. Give k(-4).
7
Let k(s) = 6*s - 21. Determine k(-11).
-87
Let o(d) = -156*d - 58. Calculate o(-2).
254
Let i(q) = -q**2 + 34*q - 302. Calculate i(23).
-49
Let o(b) = 15*b**3 - b**2 + 25*b - 25. Determine o(1).
14
Let f(o) = 2*o**3 + 21*o**2 + 19*o + 50. Calculate f(-8).
218
Let l(w) = w**3 + w**2 + 14*w + 277. Calculate l(-6).
13
Let k(c) = 2*c**2 + 248*c - 2690. Give k(10).
-10
Let n(m) = m**2 + 738*m + 8703. Determine n(-12).
-9
Let d(l) = 71*l - 161. What is d(3)?
52
Let b(p) = 6*p**2 - 191*p + 112. Calculate b(31).
-43
Let x(d) = 55*d**2 + 11*d - 6. Calculate x(1).
60
Let x(n) = n**3 + 36*n**2 + 226*n + 62. What is x(-28)?
6
Let k(l) = 3*l**2 - 102*l + 508. Determine k(5).
73
Let k(t) = t**3 + 12*t**2 - 37*t + 19. Calculate k(2).
1
Let f(h) = -h**2 + 9*h - 6. What is f(6)?
12
Let d(m) = 3*m**2 - 10*m - 191. What is d(-7)?
26
Let f(i) = 2*i**3 - 12*i**2 + 8*i - 69. Determine f(6).
-21
Let l(y) = y**2 + 173*y + 6069. What is l(-49)?
-7
Let z(f) = -2*f**2 - 27*f - 60. What is z(-17)?
-179
Let o(d) = 36*d**2 + 393*d - 37. Determine o(-11).
-4
Let w(h) = -343*h - 6510. Calculate w(-19).
7
Let u(h) = -11*h - 504. Determine u(-56).
112
Let y(m) = -87*m**3 + 3*m**2 + 2*m + 3. Give y(-2).
707
Let l(r) = -r**2 + 13*r + 57. What is l(-5)?
-33
Let p(l) = -14*l**3 + 9*l**2 + 3*l. What is p(-2)?
142
Let r(m) = -3*m**3 + 2*m**2 - 2*m + 6. What is r(3)?
-63
Let g(n) = -144*n - 895. Give g(-6).
-31
Let f(v) = 38*v + 1942. Determine f(-51).
4
Let n(p) = 45*p + 1869. Give n(-35).
294
Let w(u) = 4*u - 112. Give w(28).
0
Let b(y) = 20*y - 623. Give b(42).
217
Let n(x) = 68*x - 456. Determine n(7).
20
Let z(o) = 15*o + 118. What is z(-10)?
-32
Let l(f) = -f**2 - 62*f - 483. Determine l(-9).
-6
Let m(g) = g**3 + 51*g**2 + 139*g - 1. Give m(-3).
14
Let z(t) = -13*t**2 + 38*t - 4. What is z(3)?
-7
Let p(n) = n**3 - 150*n**2 + 4474*n - 540. What is p(109)?
5
Let j(g) = g**3 + 13*g**2 + 42*g + 41. Calculate j(-4).
17
Let s(j) = -23*j + 179. Determine s(0).
179
Let p(k) = k**3 + 87*k**2 + 84*k - 167. Give p(-86).
5
Let w(l) = -l**3 + 9*l**2 - 772*l + 6106. Determine w(8).
-6
Let g(t) = 2*t**3 - 18*t**2 + 15*t + 13. Give g(8).
5
Let u(j) = -j**3 + j**2 - 3*j + 17. Give u(6).
-181
Let f(h) = -h**3 - 14*h**2 + 82*h + 516. What is f(-17)?
-11
Let d(b) = -b**3 + 12*b**2 + 23*b + 322. Determine d(15).
-8
Let b(n) = -22*n + 110. Determine b(5).
0
Let d(h) = h**2 - 331*h - 4861. Calculate d(-14).
-31
Let u(v) = -651*v - 10567. Give u(-16).
-151
Let z(a) = 7*a**2 - 122*a - 3. Give z(17).
-54
Let t(g) = g**2 - 244*g - 3602. Calculate t(-14).
10
Let o(w) = -3*w**3 + 549*w**2 + 2*w - 209. Determine o(183).
157
Let b(q) = q**3 - 72*q**2 - 154*q + 358. Give b(74).
-86
Let x(g) = -11*g**2 + 77*g - 8. Calculate x(6).
58
Let h(g) = -4*g**2 - 193*g - 1637. What is h(-11)?
2
Let q(b) = b**3 + 42*b**2 - 82*b + 10. Give q(-4